hen 183244 is divided by 258?
64
What is the remainder when 1833 is divided by 947?
886
What is the remainder when 216863 is divided by 4092?
4079
What is the remainder when 277626527 is divided by 648?
647
What is the remainder when 30588092 is divided by 2150?
42
What is the remainder when 20603309 is divided by 130?
129
What is the remainder when 220950 is divided by 1531?
486
What is the remainder when 80676099 is divided by 2776?
2763
Calculate the remainder when 86739 is divided by 21209.
1903
Calculate the remainder when 54259 is divided by 2866.
2671
Calculate the remainder when 2286885 is divided by 2310.
2295
Calculate the remainder when 3013 is divided by 431.
427
Calculate the remainder when 466674635 is divided by 143.
141
Calculate the remainder when 131985 is divided by 26396.
5
What is the remainder when 2502190 is divided by 2345?
75
Calculate the remainder when 38553404 is divided by 2479.
2475
What is the remainder when 2009999 is divided by 1195?
9
Calculate the remainder when 2956949 is divided by 673.
460
What is the remainder when 7880 is divided by 2451?
527
Calculate the remainder when 2080348 is divided by 5653.
44
Calculate the remainder when 50868656 is divided by 2043.
2042
Calculate the remainder when 58416316 is divided by 3525.
16
What is the remainder when 3225134 is divided by 3225115?
19
Calculate the remainder when 672671 is divided by 163.
133
What is the remainder when 10074811 is divided by 530252?
23
Calculate the remainder when 5857247 is divided by 776.
775
What is the remainder when 196832 is divided by 27788?
2316
Calculate the remainder when 2648589 is divided by 36.
33
Calculate the remainder when 7226111 is divided by 479.
396
What is the remainder when 1264 is divided by 121?
54
What is the remainder when 1540600 is divided by 66979?
83
Calculate the remainder when 3904561 is divided by 1977.
1963
What is the remainder when 30348 is divided by 15167?
14
What is the remainder when 270345371 is divided by 67586342?
3
Calculate the remainder when 31574 is divided by 474.
290
Calculate the remainder when 23407661 is divided by 70718.
3
What is the remainder when 34245213 is divided by 17122600?
13
Calculate the remainder when 34403772 is divided by 93235.
57
What is the remainder when 20575547 is divided by 560?
27
Calculate the remainder when 945589 is divided by 45026.
43
Calculate the remainder when 7020622 is divided by 79779.
70
What is the remainder when 106146 is divided by 4821?
84
What is the remainder when 1388724 is divided by 1190?
1184
What is the remainder when 245319 is divided by 671?
404
Calculate the remainder when 119881 is divided by 38955.
3016
Calculate the remainder when 274157 is divided by 2405.
2392
Calculate the remainder when 17432 is divided by 4210.
592
What is the remainder when 1363320 is divided by 2534?
28
What is the remainder when 23185110 is divided by 772837?
0
Calculate the remainder when 772244 is divided by 31.
3
What is the remainder when 594346522 is divided by 12?
10
What is the remainder when 5621299 is divided by 5621277?
22
Calculate the remainder when 82916621 is divided by 8033.
8028
What is the remainder when 106652659 is divided by 8732?
11
Calculate the remainder when 6169122 is divided by 317.
302
What is the remainder when 1564891 is divided by 22667?
868
What is the remainder when 89014888 is divided by 17802977?
3
Calculate the remainder when 1145045 is divided by 799.
78
Calculate the remainder when 1046347 is divided by 113.
80
Calculate the remainder when 5584978 is divided by 1126.
18
Calculate the remainder when 380173 is divided by 17280.
13
Calculate the remainder when 325919 is divided by 38.
31
What is the remainder when 17018101 is divided by 102?
13
What is the remainder when 9283201 is divided by 315?
151
What is the remainder when 3409061 is divided by 232?
53
Calculate the remainder when 4055841094 is divided by 204.
202
Calculate the remainder when 58631 is divided by 9659.
677
Calculate the remainder when 52971411 is divided by 42.
3
What is the remainder when 125544798 is divided by 996?
990
Calculate the remainder when 38497 is divided by 36787.
1710
Calculate the remainder when 33200 is divided by 2951.
739
Calculate the remainder when 1952839 is divided by 187.
185
What is the remainder when 27341 is divided by 6802?
133
What is the remainder when 1976282 is divided by 19?
16
Calculate the remainder when 4823284 is divided by 803880.
4
Calculate the remainder when 6684254 is divided by 121.
93
Calculate the remainder when 249858 is divided by 17489.
5012
What is the remainder when 297720065 is divided by 17512944?
17
Calculate the remainder when 2343905 is divided by 40.
25
What is the remainder when 20552673 is divided by 5105?
5048
What is the remainder when 43861 is divided by 882?
643
Calculate the remainder when 53927 is divided by 15636.
7019
What is the remainder when 179494 is divided by 72?
70
What is the remainder when 4132324 is divided by 58?
56
What is the remainder when 121756 is divided by 9356?
128
Calculate the remainder when 1518578 is divided by 1518540.
38
Calculate the remainder when 3375733 is divided by 445.
408
Calculate the remainder when 577421 is divided by 956.
953
What is the remainder when 1639685 is divided by 1900?
1885
What is the remainder when 295062 is divided by 41520?
4422
Calculate the remainder when 3256103 is divided by 133.
130
What is the remainder when 5294807 is divided by 14586?
89
Calculate the remainder when 1536485 is divided by 134.
41
What is the remainder when 240959288 is divided by 4170?
8
Calculate the remainder when 11319768 is divided by 2829918.
96
Calculate the remainder when 2002091 is divided by 181990.
201
What is the remainder when 109729 is divided by 3300?
829
What is the remainder when 30717010 is divided by 131?
130
Calculate the remainder when 207567 is divided by 2057.
1867
Calculate the remainder when 12644842 is divided by 19.
0
Calculate the remainder when 39746129 is divided by 30.
29
What is the remainder when 86423367 is divided by 14403889?
33
What is the remainder when 51223359 is divided by 2333?
11
Calculate the remainder when 7569594 is divided by 157.
153
Calculate the remainder when 725600 is divided by 2179.
2172
Calculate the remainder when 91986 is divided by 4034.
3238
What is the remainder when 236785 is divided by 236445?
340
What is the remainder when 528792 is divided by 9?
6
What is the remainder when 1772619 is divided by 154?
79
Calculate the remainder when 86306305 is divided by 729.
724
What is the remainder when 171486 is divided by 6351?
9
Calculate the remainder when 12961952 is divided by 32982.
26
What is the remainder when 376577486 is divided by 222?
218
What is the remainder when 1177078 is divided by 1701?
1687
What is the remainder when 2932007 is divided by 4?
3
Calculate the remainder when 1006036 is divided by 503018.
0
Calculate the remainder when 1005918 is divided by 85.
28
What is the remainder when 152113 is divided by 151961?
152
What is the remainder when 8512 is divided by 7533?
979
Calculate the remainder when 226626 is divided by 316.
54
Calculate the remainder when 369967 is divided by 774.
769
Calculate the remainder when 1034343 is divided by 901.
896
Calculate the remainder when 481997 is divided by 76.
5
What is the remainder when 278531351 is divided by 2178?
2177
What is the remainder when 21772420 is divided by 9?
7
What is the remainder when 3869617 is divided by 110?
37
Calculate the remainder when 8235689 is divided by 457538.
5
Calculate the remainder when 18064128 is divided by 1709.
1707
Calculate the remainder when 5600 is divided by 472.
408
Calculate the remainder when 2765706 is divided by 420.
6
What is the remainder when 9221173 is divided by 131731?
3
Calculate the remainder when 1195236 is divided by 199206.
0
Calculate the remainder when 277352 is divided by 1217.
1093
Calculate the remainder when 9519275 is divided by 288.
11
Calculate the remainder when 4779614 is divided by 90.
74
What is the remainder when 140424 is divided by 176?
152
What is the remainder when 111111483 is divided by 102881?
3
What is the remainder when 119653 is divided by 16916?
1241
What is the remainder wh